*m. Suppose 3*b + m*a + 4*a = 463, 5*a + 795 = 5*b. Is b prime?
True
Let s be 2 + 0*2/(-8). Suppose 5*j - 2*y = 2294, -s*y - 3*y + 1395 = 3*j. Suppose f = -3*f + j. Is f a composite number?
True
Let y(l) = -175*l**2 - 29*l + 5. Let b(k) = -58*k**2 - 10*k + 2. Let a(c) = 17*b(c) - 6*y(c). Let g be a(-3). Suppose 4*q - g = 604. Is q a prime number?
True
Suppose -95782 - 17618 = -4*d - 5*p, -d - 2*p + 28353 = 0. Is d a prime number?
False
Suppose 0 = -3*b - 5*p + 3342, -2*b + 4*b - 2235 = -p. Is b prime?
False
Is 197705/95 + (-8)/76 a composite number?
False
Let q = -1409 + 809. Let m = 1741 + q. Is m a prime number?
False
Let f = -216 - -455. Is f a composite number?
False
Let r = 1730 - 331. Is r a prime number?
True
Let y = -85 - -88. Suppose 0 = y*a + 3059 - 7454. Is a composite?
True
Suppose 0 = 5*t - 4*p + 41, -p - 28 = -2*t + 5*t. Let b(d) = 9*d**2 + 10*d - 16. Is b(t) composite?
True
Let i = -3356 - -7985. Is i a composite number?
True
Let v(f) = 32*f - 1. Suppose -5*s - 7 = -2. Let o = 8 + s. Is v(o) a composite number?
False
Let w = -36 - -41. Suppose -4*b - 3*o + 2600 = 0, w*b + o + o = 3257. Is b prime?
True
Let x(w) be the second derivative of -w**6/240 + 127*w**5/40 - w**4/4 + 2*w. Let t(j) be the third derivative of x(j). Is t(0) a prime number?
False
Let u(o) = 219*o**2 + 1. Suppose -20 = 5*t, 5*p + 2*t - 10 = 7. Suppose -5*m = -p*k - 10, 5*m - 22 = 3*k - 4*k. Is u(k) composite?
False
Let u = -2 - -3. Let q be 1091 + (-1)/u + 3. Let h = -774 + q. Is h composite?
True
Let j(g) = 3*g - 47. Let x(a) = a - 16. Let z(s) = 4*j(s) - 11*x(s). Let i be z(12). Suppose 3*v - 355 = -2*l + 4*l, 4*v + 2*l - 478 = i. Is v prime?
False
Let q(w) be the third derivative of -w**4/24 + w**3/2 + 4*w**2. Let y be q(-10). Suppose 0 = -n + 10 + y. Is n a prime number?
True
Suppose 2*b + 5*g - 37 = -2*b, 3*b - 34 = -5*g. Suppose b*h + 44 = 185. Is h composite?
False
Let t(i) = 27*i + 17. Let s(k) = -80*k - 49. Let c(x) = 6*s(x) + 17*t(x). Let z = 10 + -26. Is c(z) a prime number?
True
Let n(u) = 5*u**2 - 13*u - 7. Suppose 0 = t - 0*t - 4. Let p = 10 + t. Is n(p) a composite number?
True
Suppose 2*z = -0*o - 2*o + 8, -o - 2*z + 7 = 0. Let g = 3 - o. Suppose -3*i + g*f + 424 - 137 = 0, i + 3*f - 103 = 0. Is i a composite number?
False
Let t(o) = -2*o**2 - 1. Let p be t(-4). Let f = p - -46. Let r = 676 + f. Is r prime?
False
Let d = 15641 + -8358. Is d a prime number?
True
Suppose -171 = -2*u + 531. Let b be (u - -8)*(-2)/(-2). Let w = -106 + b. Is w prime?
False
Suppose 7*u = 3*u + 4400. Suppose -2*b - 4*p + 266 + u = 0, b + 5*p = 698. Is b a composite number?
False
Let h(w) = 142*w**2 - 6*w - 23. Is h(8) prime?
False
Let c(q) = 2*q - 299. Let w be c(0). Let t be (-4766)/(-10) + 2/5. Let l = w + t. Is l a composite number?
True
Suppose 4*x - 12 = 0, 2*x + 70868 = 3*z - z. Is z a composite number?
False
Let c = 10 - 6. Let b(n) = -n**3 + 3*n**2 - 3*n - 5. Let w be b(c). Let s = w + 58. Is s composite?
True
Suppose 0 = -2*c + 4*m + 2, -8*m - 32 = 4*c - 4*m. Is 1/(4/(-39380)*c) composite?
True
Suppose -515*v = -501*v - 306166. Is v prime?
False
Suppose 5*d = 2*m + 6, -2*m + 12 = 4*d - 0*d. Suppose -l = -0*l - 3. Suppose m*g + 3*b = l*g - 110, 0 = g - 4*b - 107. Is g prime?
False
Let p be 14/8*(1 - -3). Suppose 5*w - p*w = 110. Let x = w - -266. Is x a prime number?
True
Let v(r) = 34*r - 35. Let n = 90 - 78. Is v(n) composite?
False
Suppose 4*z + 2*k = -21682, 2*z - 8*k = -3*k - 10823. Let f = z + 9081. Is f a composite number?
True
Let r(b) be the first derivative of -b**6/360 + 19*b**5/120 - 5*b**4/24 - 7*b**3/3 + 9. Let w(f) be the third derivative of r(f). Is w(14) a composite number?
True
Let u be -3 + 2 + 3/3. Let o(b) = 7 + 11*b**2 + b - 4*b + u*b - 4. Is o(-5) a prime number?
True
Let i = 18503 + -12748. Is i a composite number?
True
Suppose 18299 = 10*b + 3949. Suppose 3*a - 3996 = -y - b, y - 4267 = -5*a. Is a a composite number?
False
Let p(m) = 130*m + 2. Let i be p(4). Let a = i - -152. Suppose -a = -3*t + 319. Is t composite?
False
Let r be (-2)/(-6)*(21 - 6). Let c be (20/r)/(1 - 0). Suppose c = 3*o - 5. Is o prime?
True
Let c = -60 + 58. Is (-1)/(1*c/934) a prime number?
True
Suppose -11 = 2*t + 9. Let b = 10 + t. Suppose b = -r - 4*a + 221, -4*a - 207 = -r - 10. Is r a prime number?
False
Let m = -4952 - -11031. Is m a composite number?
False
Let q be (-2)/(-1*3/6). Suppose -q*u + 2289 = -p - 2*p, u = 3*p + 570. Is u a prime number?
False
Let b = 28627 - 17144. Is b a composite number?
False
Let q be 2/((-4)/(-20)*5). Let u = q + 107. Is u a prime number?
True
Suppose -h + 12 = 4. Suppose h = 5*k - 7. Suppose -3*c + 105 = k*v, 2 = c - 5*v - 9. Is c a composite number?
False
Let z(m) = m**3 - 4*m**2 + 5*m - 4. Let x be z(2). Let o be (-606)/x*(-3 - -4). Suppose -201 = -3*g - 4*l, 0 = -5*g - 2*l + 46 + o. Is g prime?
True
Suppose 0 = -3*d - 2*b + 9842, -d + 0*d - 3*b + 3269 = 0. Suppose -4*a + d = -584. Is a a prime number?
True
Let t be (1*2)/(20/(-40)). Is (5/2)/(t/(-472)) a prime number?
False
Suppose 2*d = -d - 36. Is (d/(-21))/(12/714) composite?
True
Is 11963/(-1 - -8) + 5 composite?
True
Let w(r) = -56*r + 13. Let u(n) = 55*n - 12. Let c(i) = -3*u(i) - 2*w(i). Let q be c(12). Let j = q - -945. Is j a composite number?
True
Suppose -3*r + 7 = -5. Suppose 5*x = r*x + 3*z + 10, 5*x - 28 = 4*z. Suppose x*p - 6*p = -290. Is p a composite number?
True
Suppose 4*h + 502 = 2102. Suppose -2*w + 6*w = h. Suppose 17 = -z + w. Is z prime?
True
Let m(h) = 11*h**3 - 8*h**2 - 22*h + 5. Is m(12) composite?
False
Let l(w) = -5*w + 3. Let q(y) = y**2 - 11*y + 10. Let c be q(10). Let d(p) = p**3 - 4. Let m be d(c). Is l(m) prime?
True
Let j(u) = 457*u - 366. Is j(65) a composite number?
False
Let n(y) = -y**2 - 14*y - 7. Let r be n(-13). Let p be ((-14)/r)/(5/120). Let c = p - -78. Is c a prime number?
False
Suppose -3*j + 2 = -j - b, 5*j = -3*b + 5. Suppose -20 = -w - j. Is w a composite number?
False
Suppose -5*u - z + 14 = -6160, u - 2*z - 1226 = 0. Let j = u - 789. Suppose -2*l + 7*l - j = 0. Is l a composite number?
False
Let p(g) = -17*g**2 - 3. Let u be p(-3). Suppose 17*j + 952 = 13*j. Let t = u - j. Is t prime?
False
Let v = -173 + 28. Let y = 66 - v. Is y a composite number?
False
Let r(j) = -105*j - 19. Let l be r(-13). Let y = 1089 + l. Is y composite?
True
Let n be 4606/(-4) + (-48)/32. Let t = n - -2072. Is t composite?
False
Let i = -15188 - -35394. Is i prime?
False
Suppose 0 = -5*i + 5*p + 11660, -5*i + 4*p + 2892 = -8765. Is i a composite number?
True
Suppose 0 = -5*n + 53 + 42. Let x = 64 - 26. Let p = x - n. Is p a prime number?
True
Suppose 0 = -4*n - 2*d + 31 + 23, 2*n = -3*d + 33. Suppose n*x + 876 = 16*x. Suppose 116 + x = 5*o. Is o composite?
False
Let b be (0 + (-4)/(-8))*16. Let l(g) be the first derivative of g**4 - 8*g**3/3 + g**2/2 + 11*g + 4. Is l(b) a composite number?
True
Suppose 2*y - 28 - 36 = 0. Suppose 4*n - 4*v - y = 0, -5*n - v + 24 = -2*v. Is 35 + 1/n*0 prime?
False
Let v = -14967 + 25520. Is v a prime number?
False
Suppose 7 = t - m, 0 = -2*t - m + 6 + 2. Suppose -4*s = -l - 8, t*s + l = -l + 23. Suppose 5*z - 120 - 172 = -s*x, x - 4*z = 86. Is x composite?
True
Let l(z) = -z - 14. Let v be l(10). Is (893 - v/(-6))*(0 + 1) prime?
False
Let s(k) = -k**2 - 2*k + 6. Let t be s(-3). Suppose 0 = 4*n + 3*z - 156, -3*n = n - t*z - 156. Suppose -2*a = -35 - n. Is a prime?
True
Is (2 - -4620) + (-3 - 0/(-2)) prime?
False
Let y(r) = 0*r**2 + 2*r**2 - 4 - r + r**3 + 4*r. Let h be y(-3). Let z = -3 - h. Is z a composite number?
False
Suppose 0 = 2*s - 1664 - 38018. Is s prime?
True
Suppose -3*x = 4*b - 11821, 4*b = 5*x + 7*b - 19709. Is x prime?
True
Let r(i) = -106*i + 1. Let l be r(-11). Let h = l - 830. Is h a prime number?
True
Suppose 4*t - 83 - 53 = -5*q, -3*t - 3 = 0. Is 13812/q + 6/(-21) composite?
True
Let q(j) = -2*j**2 + 15*j + 31. Let l be q(14). Let m = -104 - l. Is m a prime number?
True
Suppose -505 = -3*s - 5*v + 4*v, -3*s - 4*v + 517 = 0. Let t be -3 - -1 - (-1 - s). Suppose -3*h + h + t = 0. Is h prime?
True
Let k(g) = -37*g + 9. Suppose 0 = -3*q + f - 23 - 6, 0 = -5*q - 4*f - 54. Is k(q) a composite number?
False
Suppose -3*y - y = 0. Suppose 0 = -2*m + 163 + 263. Suppose -n - 4*z + m = 0, -3*z + 1 + 2 